277. Let s = 606 - w. What is the hundreds digit of s?
4
Let x = 10313 + -5705. What is the tens digit of x?
0
Suppose 30*c + 2*l = 31*c - 15, -2*c + l + 18 = 0. Suppose c*v = 20*v - 3900. What is the hundreds digit of v?
3
Suppose 4*t = t + 9. Suppose -7*d + 4*d = -t*m, d + 5*m = 30. Suppose s - 98 = 2*k, -7*s = -d*s - k - 181. What is the tens digit of s?
8
Suppose -22203 = -28*k + 10669. Suppose 6*d = -l + d + k, -3*l - 3*d = -3570. What is the thousands digit of l?
1
Let i be 35*((-22)/(-143) + (-12)/(-91)). What is the hundreds digit of -114*(i - 12) - (1 + 4)?
2
Suppose 98*r - 100*r + 188706 = 3*n, -4*n - 471673 = -5*r. What is the tens digit of r?
4
Let a(y) = 2*y**2 - 5*y. Let i be a(-4). Suppose -5*t + 2*g = i, -5*g = -5*t - 2 - 53. What is the tens digit of 6/t + (-3267)/(-45)?
7
Let h be 23*46*(7/(-2))/(-7). Suppose 117 = p - 3*b, -4*p - p = -b - h. Suppose -3*l + 41 = -4*k - 276, k + p = l. What is the tens digit of l?
0
Let k(r) = -r + 8*r - 2 + 3 - 2*r. Let g be k(1). Suppose g*j + 3*d = 3*j + 174, 297 = 5*j - 2*d. What is the units digit of j?
9
Let m(l) = 5*l**2 - 7 + 14 + 29. Let u be m(-15). Suppose 2*r = 11*r - u. What is the hundreds digit of r?
1
What is the hundreds digit of (2 + 5236/49)/(10/35)?
3
Let a(x) = -x**3 + 39*x**2 - 2*x + 80. Let r be a(39). What is the hundreds digit of 1*r + (6 - 10) - -303?
3
Let z be 4/14 - (-26628)/98. Suppose u = 5*g - u - 680, z = 2*g - 5*u. What is the tens digit of g?
3
Let t be (-28)/4 - (-1554)/(-7). Let r = t + 285. What is the units digit of r?
6
Suppose -192*p + 81601 + 1623551 = 0. What is the tens digit of p?
8
Let x be (-1)/(-2)*(1 - 25/(-5)). What is the units digit of -2 + 1 + x + 287?
9
Let b = 7518 + -5037. What is the tens digit of b?
8
Let b(v) = 613*v**2 - 676*v + 4044. What is the tens digit of b(6)?
5
Let i be 9 + -1 + -4 + 3246. Let z = i + -1719. What is the thousands digit of z?
1
Let i(j) = -j**2 + 13*j + 6. Let m(g) = -3*g**3 - 2*g**2 + g - 1. Let r be m(-2). Let v be i(r). What is the hundreds digit of (-101)/((-1)/(-2*(-3)/v))?
1
Suppose -v + 5*m = -5590, -v + 5*v - 22342 = 2*m. What is the hundreds digit of v?
5
What is the thousands digit of (-18*(-12)/(-12))/(3/(-8068))?
8
Suppose -u = 4*a + 3, -3*u + 24 = -3*a + 3. Suppose 0 = -n + 1, -2121 = -u*x - 4*n + 8*n. What is the hundreds digit of x?
4
Let s be 21/4 + 33/44. Let g be s/(-2) + (-111)/(-3). Let z = 59 - g. What is the units digit of z?
5
Let d = -13788 - -22818. What is the hundreds digit of d?
0
Suppose -12 = -4*n - 4*t, 0 = n - 0*n + 5*t + 1. Let m(s) = s**3 - 9*s - 7. Let v be m(n). Suppose 17*x = v*x - 564. What is the hundreds digit of x?
1
Let i(z) be the first derivative of -8*z**3/3 + z**2/2 - 8*z + 16. Let w be i(-4). What is the hundreds digit of (1 - -4)/(w/(-46) - 3)?
1
Let g be -4 - ((-9723)/21 + (4 - 1)). Let f = g + -214. What is the units digit of f?
2
What is the hundreds digit of (-48)/18 - (-436786)/42?
3
What is the tens digit of ((-318)/8 + (-1)/4)*(-1547)/13?
6
Let k be (6 + (-17)/2)*(-42)/15. Suppose k*t = -1338 + 6427. What is the hundreds digit of t?
7
Let t be (2 + -6)/(2 + 5/(-2)). Suppose -q + t = 6. What is the hundreds digit of (q + 0 + -3)*-141?
1
Let s(g) = 4*g - 27. Let i be s(-9). Let a(b) = -280*b - 280. Let j(t) = -9*t - 9. Let v(m) = i*j(m) + 2*a(m). What is the units digit of v(12)?
1
Let u(i) = -172*i - 10. Let b = -214 + 206. What is the tens digit of u(b)?
6
Let z = 289048 - 194124. What is the tens digit of z?
2
Let u(d) = -6*d**2 + 599*d + 52. What is the hundreds digit of u(88)?
3
Suppose 216*i - 1040 = 229*i. Let s = 329 - 221. Let p = s + i. What is the units digit of p?
8
Suppose 10*x = 4*x + 6534. Let i = x + -637. What is the hundreds digit of i?
4
Suppose -3*f = -0*j + j + 114, 0 = -2*j - 6. Let y(r) = -6*r + 275. Let n be y(33). Let z = n + f. What is the tens digit of z?
4
Let s(w) = -w**2 - 15*w - 27. Let y be s(-13). What is the hundreds digit of (y/2)/(1/(-1854))?
9
Let y(v) = 9*v - 6. Let a(j) = -j. Let l(r) = -13*r + 7. Let p(i) = 3*a(i) - l(i). Let c(d) = 7*p(d) - 6*y(d). What is the units digit of c(6)?
3
Let b = 127 + -103. Let c(l) = -l + 70. Let n be c(b). Suppose 0 = -10*r + n + 1564. What is the units digit of r?
1
Suppose -2*z = -0*z + 18. Let f(h) = -371 - 9*h - 381 + 789 - 9*h. What is the units digit of f(z)?
9
Let h be 21/(-6)*16/(-14). Suppose 4*j - 699 = 2*c + 461, h*j = -2*c + 1144. Let v = j + -154. What is the units digit of v?
4
Suppose 135*f = 129*f + 24. Let n(h) = 127*h - 102. What is the hundreds digit of n(f)?
4
Suppose -v = 0, 5*v - 40 = -4*s - 0*v. Suppose -2*m - 16 = -s*m. Suppose -p + 539 = 3*w, -3*w - p = m*w - 897. What is the hundreds digit of w?
1
Suppose 0*o = -2*r - o + 15, -3*o + 27 = 4*r. Suppose k = 2*k - r. Let p = 26 - k. What is the tens digit of p?
1
Let n(m) be the first derivative of 1 + m - 11*m**2 + 9 - 8*m + 0*m**2. What is the tens digit of n(-5)?
0
Suppose 0*n + 25 = n + 5*h, 3*h = 15. Suppose 0*b + 5*b - 25 = n. Suppose -b*u + y + 187 = -0*u, -2*u + 67 = -3*y. What is the tens digit of u?
3
Let m = -18657 + 22592. What is the tens digit of m?
3
Let w be 1 - (2 - (5 - 0)). Let f = 1 + 1. Suppose 4*d - f*o = -w*o + 390, -d + 102 = 5*o. What is the units digit of d?
7
Suppose -17*v - 3*m + 206778 = -13*v, 0 = 2*v - 2*m - 103368. What is the hundreds digit of v?
6
Let k = -182 - -483. Let w be (-35)/5 + 78 + 98. Let g = k - w. What is the tens digit of g?
3
Let i be 32520/150 + 2 + (-9)/5. Suppose 4*d - 5*d - 4*c = i, 2*d + 384 = 2*c. Let g = 288 + d. What is the units digit of g?
1
Let i(a) be the first derivative of 31*a**3 - 3*a**2/2 + 4*a + 1. Let b be (-14)/(-4) + (-25)/10. What is the units digit of i(b)?
4
Suppose -7*t + 18 - 39 = 0. What is the hundreds digit of (295/t)/((-25)/75)?
2
Let y = -79 - -83. Let n be (10 - y) + -3 + -377. Let q = -126 - n. What is the tens digit of q?
4
Suppose 3*c = -2*b - 16 + 81, 3*c = -4*b + 115. Suppose -3792 = s - b*s. What is the tens digit of s?
5
Suppose 3*j - 7 - 2 = 0. Suppose 6*p - 4*p + 1 = -l, l - 1 = -4*p. What is the units digit of (p - j)*225/(-10)?
5
Let r = -60846 + 97924. What is the tens digit of r?
7
Let a(n) be the first derivative of -n**4/4 + 10*n**3/3 + 9*n**2/2 + 16*n - 150. What is the units digit of a(8)?
6
Suppose 8*p + 24 = 14*p. What is the hundreds digit of (-130)/104 + 3125/p?
7
Suppose 1267*x - 1541805 = 1198*x. What is the tens digit of x?
4
Suppose -719 = 2*f + 3*l, 3*l = -3*f - 2*l - 1080. Let w = 471 + f. What is the units digit of w?
6
Let h = 21803 + 8995. What is the ten thousands digit of h?
3
Suppose 15*g + 26768 - 553392 = -13*g. What is the ten thousands digit of g?
1
Suppose -32*x + 34*x - 10 = 0. Suppose -2*u + u + 13 = 3*w, 4*w - x*u - 30 = 0. Let q = w + 127. What is the units digit of q?
2
What is the ten thousands digit of 0 - (-310734)/21 - 273/(-1911)?
1
Suppose -30 = -27*j + 24*j. Suppose -2 = -4*x + j. Suppose 4*b - x*l = 164, 2*l - 134 = -3*b + 7*l. What is the tens digit of b?
3
Let d(r) = r**2 - 15*r - 14. Let y be d(16). Suppose -m - 4*l = -y*m - 6, 3*m = l + 4. Suppose -m*n - 3*n + 1360 = 0. What is the units digit of n?
2
Let l be -1 - (-8)/(-4) - (-103 - 1). Suppose -2*k = -3*k + 3, 2*k - l = -a. What is the tens digit of a?
9
Let t be ((-2)/(-5))/(4/(80/2)). Suppose 1619 = 5*c - 4*w + 179, -1400 = -5*c - t*w. What is the units digit of c?
4
Let m = 564 + -530. What is the hundreds digit of 22436/m + (-116)/(-986)?
6
Suppose -1029 = 7*h + 42*h. Let a(i) = -i**3 - 22*i**2 - 26*i - 28. What is the units digit of a(h)?
7
Let l = -503 + 493. What is the units digit of 4/(-10)*l - -33?
7
Let s(g) = -171*g - 8. Suppose -2*n - 1 = -3*x, 7*n - 2*x = 3*n - 6. What is the hundreds digit of s(n)?
3
Let l(i) = 10*i**2 - 73*i - 450. What is the thousands digit of l(-38)?
6
Suppose 7*g - 3 = 6*g, 4*g = 5*t - 58443. What is the units digit of t?
1
Suppose 49379 = -36*q + 294395. Suppose -q = -4*t - 2*h, 4*t - 8504 = -t + h. What is the units digit of t?
1
Let j(u) = 7*u**2 - 23*u - 67. Let m be j(-12). Suppose -2*y - 18 = -q - m, 3 = -q. What is the tens digit of y?
9
Let r(j) = -11*j - 10. Let o be (-9)/(-1) + (5 - 9). Suppose 2*z - 5*x = -16 - 13, -o*z = x + 32. What is the units digit of r(z)?
7
Let l = -1033 -